h - 0*h. Let f(j) be the first derivative of -j**2/2 + 8*j - 11. What are the prime factors of f(h)?
2
Let b(t) = 15*t - 8. List the prime factors of b(5).
67
Let a = -8 + -5. Let y = 23 + a. What are the prime factors of y?
2, 5
Let a = 39 + -22. List the prime factors of a.
17
Suppose -5*u + 7 = -5*g + 2, 2*u + 5*g - 9 = 0. Suppose 5*f = 3*r - 10, 0*f + f = -2*r - u. List the prime factors of ((-10)/f)/(3 + -2).
5
Let j = 13 - 11. What are the prime factors of 3/j + (-332)/(-8)?
43
Let p(h) = -4*h - 9. What are the prime factors of p(-11)?
5, 7
Let a = -17 - -28. Let v = a - 8. Suppose -b + 4 + v = 0. What are the prime factors of b?
7
Suppose a + 10 = 2*k, 3*k + a - 18 = 4*a. Let d(h) = 2*h - 12. Let z(r) = 2*r - 13. Let l(o) = k*d(o) - 3*z(o). List the prime factors of l(6).
3
Let z(j) = 5*j - 3. What are the prime factors of z(8)?
37
Suppose 0 = -3*y - 5*n - 3 - 10, 5*n = 4*y + 29. Let p = -6 - -15. Let a = y + p. What are the prime factors of a?
3
Suppose 0 = -4*q + 2*w + 22, 0 = 2*q + 3*w + 2*w + 19. Suppose 60 = q*k - 3*o, 4*o + 16 + 16 = k. List the prime factors of k.
2
Suppose -3*s + 2*c = 16, 4*c = -2*s + 6*c - 14. List the prime factors of 156/8*s/(-3).
13
Let n = -3 - -6. Suppose z + n*a - 1 + 8 = 0, -2*z - 4 = a. List the prime factors of (-2)/(z/(2 + 2)).
2
Suppose -367 = 7*z - 2089. What are the prime factors of z?
2, 3, 41
Let n(z) = z**3 + 2*z**2 - 9*z + 2. List the prime factors of n(4).
2, 31
Let w = -15 + 69. Suppose 4*t - 162 = -w. What are the prime factors of t?
3
Suppose 0 = 3*b - 2*i - 57, -i - 43 = -4*b + 38. List the prime factors of b.
3, 7
Let p be (2 - 0)*(-5)/(-5). Suppose 0 = 5*o + 5, p*o = -2*l - 3*o + 19. List the prime factors of l.
2, 3
Let n be -1 + 1 + (-4)/(-2). Let i = -6 - -11. Suppose -i - 9 = -n*b. List the prime factors of b.
7
Suppose 2*b + 0*b = -6. Let o(x) = x - 2. Let a be o(b). What are the prime factors of (a - 0/3)/(-1)?
5
Let l = -12 - -17. Let d(s) = 2*s - 6. Let b be d(l). Suppose -28 = -b*m + 2*u, -2*u = -5*m + 44 - 9. What are the prime factors of m?
7
Let h(c) = -c**3 - 10*c**2 + 2*c + 5. Let v be h(-10). Let y = -7 - v. List the prime factors of y.
2
Suppose -47 = -5*a - 17. Suppose -a - 62 = -2*p. What are the prime factors of p?
2, 17
Let s be (-6)/(-15) + 986/10. Suppose 4*k - k = s. What are the prime factors of k?
3, 11
Let j be (-4)/(-18) + 318/27. Suppose 4*f = 2*s, 0 = -2*f + s - 3*s + j. Suppose 3*p - f*x = 59, -4*p + 3*x = x - 78. What are the prime factors of p?
19
Let i = 446 + -280. List the prime factors of i.
2, 83
Let h(d) = -d + 10. Let i be h(-6). Let g = -1 + i. List the prime factors of g.
3, 5
Let f be 0 + -1*(-4 - -2). Suppose -f*b - 28 = -4*z, 0 = -2*z - 2*z + 3*b + 28. What are the prime factors of z?
7
Suppose 0*n + n + 52 = 0. List the prime factors of (-8)/20 + n/(-5).
2, 5
Let y = 6 + -2. Suppose y*a - 5*x = -8, 0 = -0*a + 5*a - x - 11. Suppose n - 3*n = a*m - 5, -4*m = -3*n - 35. What are the prime factors of m?
5
Suppose -2*n - 2*n = 8. Let u(z) = -11*z - 2. Let j be u(n). Let d = -10 + j. List the prime factors of d.
2, 5
Suppose 2*u - 7 - 3 = 0. Suppose -u = -2*k + 1. What are the prime factors of (-5 + 8)/(k/2)?
2
Suppose -3*h = -48 + 3. Let u be ((-20)/6)/((-5)/h). Suppose u = 3*v - v. What are the prime factors of v?
5
Let v(c) = c**2 - 3*c + 4. Let g be v(3). Suppose -g*w + 56 = 4*r, -w - 2*w + 2*r = -62. What are the prime factors of w?
2, 3
Let h = -9 - -3. Let s(y) = y + 5. Let v be s(h). What are the prime factors of 37/3 - v/(-3)?
2, 3
Let j = -645 + 1358. Suppose -3*p - 233 = -j. List the prime factors of (-4)/(-14) + p/28.
2, 3
Suppose -5*d = -6*d + 38. List the prime factors of d.
2, 19
Let b = 89 - 32. List the prime factors of b.
3, 19
Let v be 38/6 + 3/(-9). Let t = v + 9. List the prime factors of t.
3, 5
Suppose -3*w = 5*s + 21, 0 = -w - 2*s - 2*s. List the prime factors of (4/w)/(1/(-57)).
19
Let w = 117 - 45. Suppose -3*g + w = g. List the prime factors of g.
2, 3
Let n(x) = -x - 2. Suppose -2 = -2*t, 5*t - 16 = -4*l - 3. Suppose 10*z - 5*z + 10 = 0, l*m + 4 = 2*z. What are the prime factors of n(m)?
2
Let f be -2 + 2/3*21. List the prime factors of 1/((-3)/6) + f.
2, 5
Suppose 0 = 4*t + t - 15. Let u(b) = 2*b**3 - 4*b**2 + 4*b. Let m be u(t). Suppose a = 5*x + m, 35 = -0*a + 3*a - 4*x. List the prime factors of a.
5
Suppose 0*n + 4*n = 8. Let x = 8 + -3. Suppose n*b - 3*y = 6, 0*y - 2*y = x*b - 53. List the prime factors of b.
3
Let z = 13 + -4. What are the prime factors of z?
3
Let z be ((-6)/(-8))/((-2)/(-88)). Suppose 5*c = 2*n - 43, 4*n + 2*c - 17 = z. List the prime factors of n.
2, 7
Suppose 2952 = -18*v + 30*v. What are the prime factors of v?
2, 3, 41
Let d(g) = 5*g**2 - 4. List the prime factors of d(-2).
2
Let p(l) = 2 - l - 2*l**3 - 4*l**3 + 2*l**3 - 3*l**2. Let b be p(-2). Suppose g - 2 = 1, -b = -3*i - 5*g. List the prime factors of i.
3
List the prime factors of 12/(-8)*(-1 - 73).
3, 37
Suppose 0*j - 21 = -5*z + j, -4*z + 17 = -j. Suppose -a + 20 = z*a. Suppose 3*w + a = 5*w. What are the prime factors of w?
2
Let c be (100/35)/((-2)/(-7)). Suppose -u + c = -5. Suppose y - u = -3*h + 5*h, -2*h = 2*y - 30. List the prime factors of y.
3, 5
What are the prime factors of 3/2*(-224)/(-21)?
2
Let y(x) = x + 3. Let h be y(0). Suppose 2*t + 2*m = 12, 0 = 4*t + h*m + 2*m - 27. Suppose 3*n - t = 3. What are the prime factors of n?
2
Let h(a) = 7*a - 9. Let c(q) be the second derivative of q**3/2 - 2*q**2 - 2*q. Let n(p) = 9*c(p) - 4*h(p). List the prime factors of n(-2).
2
Let c(z) = -z**3 - 5*z**2 - 4*z. Let u be c(-4). Let k(f) = -2*f - 6. Let x be k(-4). Let p = x - u. List the prime factors of p.
2
Let y = 35 - 18. List the prime factors of y.
17
What are the prime factors of ((-58)/(-4))/(0 - 6/(-72))?
2, 3, 29
List the prime factors of (-650)/(-20) + 1*(-6)/4.
31
Let t(z) = 7*z**2 - 5*z + 5. Let s(d) = -8*d**2 + 6*d - 6. Let o(l) = 4*s(l) + 5*t(l). What are the prime factors of o(2)?
11
Let i(p) = -p + 3. Let o(a) = -a**3 + a**2. Suppose 0 = -4*y + 4*k, 0 = -3*y - 3*k + 4 + 2. Let u be o(y). List the prime factors of i(u).
3
Let c be (-22)/(2 - 0)*-1. Suppose -5*h - y = -20, -3 = 2*h + y - c. Suppose h*w - 8*w + 8 = 0. List the prime factors of w.
2
Suppose -2*m = 3*h - 2, 4*h - 2*m = 2*m + 36. Suppose -5*d + h = -d. What are the prime factors of 30/3*d/1?
2, 5
Let a be 2/7 - (-2)/(-7). Suppose a*h + 3*h - 5*v = 52, 4*h - 11 = -5*v. What are the prime factors of h?
3
Let y(v) = -v**3 + 8*v**2 + 10*v - 7. Let b be y(9). Let f = 3 + b. Suppose -f*i + 45 = 3*o + 2*o, 0 = 5*o. What are the prime factors of i?
3
Suppose -100 = -4*g + 48. List the prime factors of g.
37
Suppose -2*y = -5*y + 93. What are the prime factors of y?
31
Let o(g) = 35*g**2 - 3*g - 4. List the prime factors of o(2).
2, 5, 13
Let v(j) = -j**2 - 12*j - 3. Let l be v(-9). What are the prime factors of 160/l + (-2)/(-6)?
7
Suppose a + 4*a = 0. Let v(t) = a*t - t + 4*t. What are the prime factors of v(4)?
2, 3
Let h(r) = -10*r - 14. Let k be h(-15). Suppose 3*a + k = 3*f + a, 5*a = -2*f + 78. List the prime factors of f.
2, 11
Let v(m) = -1. Let z(d) = d - 3. Let h(g) = -5*v(g) + z(g). Suppose -2*k + 4 = -2*u, -2*u - 4 + 0 = 2*k. List the prime factors of h(k).
2
Let u(k) = -k**2 + 2 + 4 - k - 6*k. Let w be u(-7). What are the prime factors of (-51)/(-9) + (-4)/w?
5
What are the prime factors of ((-1)/(-4))/((-12)/(-3216))?
67
Suppose -142 = 5*r + 278. Let m = -59 - r. What are the prime factors of m?
5
Let a(x) = -12*x + 5. Let s(y) = -133*y + 56. Let z(b) = -56*a(b) + 5*s(b). List the prime factors of z(4).
2, 7
Let p(m) = 2*m**2 + 15*m - 1. Let a(y) = -y**2 - 8*y. Let b = -8 + 3. Let t(s) = b*a(s) - 3*p(s). What are the prime factors of t(-5)?
3
Let c be -33*(1 - 1/3). Let j = 0 + 3. List the prime factors of c/(j + -5 + 1).
2, 11
Suppose -3*p + 9 = 4*v, 4*v - 10 = -v - 5*p. Suppose -v = -t - 5*s, 15 = -0*t - 5*t + 5*s. List the prime factors of t*(-3 - (1 + 0)).
2
Let t(a) be the first derivative of a**4/4 - 5*a**3/3 + a**2/2 + 3*a + 3. List the prime factors of t(5).
2
Let g(b) = -18*b - 24. What are the prime factors of g(-12)?
2, 3
Suppose 3*m + m = 168. What are the prime factors of m?
2, 3, 7
Let j(p) = -p**3 + 8*p**2 + 7*p + 3. What are the 